actors of 58095?
3, 5, 1291
What are the prime factors of 38326?
2, 19163
What are the prime factors of 10137?
3, 31, 109
What are the prime factors of 3004?
2, 751
What are the prime factors of 281?
281
What are the prime factors of 59229?
3, 6581
List the prime factors of 1690.
2, 5, 13
List the prime factors of 49144.
2, 6143
What are the prime factors of 25702?
2, 71, 181
List the prime factors of 18925.
5, 757
What are the prime factors of 164331?
3, 19, 31
What are the prime factors of 3413?
3413
What are the prime factors of 1540?
2, 5, 7, 11
List the prime factors of 63587.
63587
List the prime factors of 51861.
3, 59, 293
What are the prime factors of 34771?
11, 29, 109
List the prime factors of 49932.
2, 3, 19, 73
List the prime factors of 449.
449
What are the prime factors of 4830?
2, 3, 5, 7, 23
List the prime factors of 4856.
2, 607
What are the prime factors of 5815?
5, 1163
What are the prime factors of 1965?
3, 5, 131
What are the prime factors of 8553?
3, 2851
List the prime factors of 44877.
3, 7, 2137
What are the prime factors of 39971?
39971
List the prime factors of 42847.
7, 6121
List the prime factors of 1671.
3, 557
What are the prime factors of 9965?
5, 1993
What are the prime factors of 2223?
3, 13, 19
List the prime factors of 11079.
3, 1231
What are the prime factors of 13015?
5, 19, 137
What are the prime factors of 618?
2, 3, 103
What are the prime factors of 1146?
2, 3, 191
List the prime factors of 3696.
2, 3, 7, 11
List the prime factors of 19304.
2, 19, 127
What are the prime factors of 77995?
5, 19, 821
List the prime factors of 427.
7, 61
What are the prime factors of 1984?
2, 31
What are the prime factors of 4306?
2, 2153
List the prime factors of 43655.
5, 8731
What are the prime factors of 98387?
98387
What are the prime factors of 19313?
7, 31, 89
What are the prime factors of 26687?
26687
List the prime factors of 4960.
2, 5, 31
What are the prime factors of 4442?
2, 2221
List the prime factors of 1222.
2, 13, 47
What are the prime factors of 757?
757
What are the prime factors of 700?
2, 5, 7
List the prime factors of 44124.
2, 3, 3677
What are the prime factors of 55040?
2, 5, 43
What are the prime factors of 702?
2, 3, 13
What are the prime factors of 1688?
2, 211
List the prime factors of 2435.
5, 487
List the prime factors of 14362.
2, 43, 167
What are the prime factors of 71725?
5, 19, 151
List the prime factors of 84431.
84431
What are the prime factors of 321?
3, 107
What are the prime factors of 2004?
2, 3, 167
What are the prime factors of 71329?
71329
List the prime factors of 61786.
2, 30893
List the prime factors of 8689.
8689
What are the prime factors of 1007?
19, 53
What are the prime factors of 12683?
11, 1153
List the prime factors of 54726.
2, 3, 7, 1303
List the prime factors of 112781.
29, 3889
What are the prime factors of 20419?
7, 2917
What are the prime factors of 39326?
2, 7, 53
List the prime factors of 3888.
2, 3
What are the prime factors of 26216?
2, 29, 113
What are the prime factors of 6219?
3, 691
What are the prime factors of 3995?
5, 17, 47
List the prime factors of 1008.
2, 3, 7
What are the prime factors of 39121?
19, 29, 71
What are the prime factors of 174?
2, 3, 29
List the prime factors of 1221.
3, 11, 37
What are the prime factors of 40841?
40841
List the prime factors of 2457.
3, 7, 13
What are the prime factors of 42221?
42221
List the prime factors of 4495.
5, 29, 31
What are the prime factors of 1345?
5, 269
List the prime factors of 124393.
19, 6547
List the prime factors of 96.
2, 3
What are the prime factors of 2067?
3, 13, 53
List the prime factors of 8165.
5, 23, 71
What are the prime factors of 6135?
3, 5, 409
What are the prime factors of 10514?
2, 7, 751
What are the prime factors of 13093?
13093
What are the prime factors of 10123?
53, 191
What are the prime factors of 50202?
2, 3, 2789
List the prime factors of 984.
2, 3, 41
List the prime factors of 15687.
3, 7, 83
List the prime factors of 80333.
11, 67, 109
List the prime factors of 3806.
2, 11, 173
List the prime factors of 54414.
2, 3, 3023
What are the prime factors of 389?
389
What are the prime factors of 7902?
2, 3, 439
What are the prime factors of 7463?
17, 439
What are the prime factors of 23311?
23311
What are the prime factors of 16550?
2, 5, 331
List the prime factors of 4006.
2, 2003
List the prime factors of 26590.
2, 5, 2659
List the prime factors of 1462.
2, 17, 43
What are the prime factors of 435?
3, 5, 29
List the prime factors of 3590.
2, 5, 359
List the prime factors of 8342.
2, 43, 97
List the prime factors of 343.
7
List the prime factors of 776.
2, 97
What are the prime factors of 381?
3, 127
What are the prime factors of 502?
2, 251
List the prime factors of 5778.
2, 3, 107
List the prime factors of 28675.
5, 31, 37
What are the prime factors of 76001?
76001
List the prime factors of 11277.
3, 7, 179
What are the prime factors of 1015?
5, 7, 29
What are the prime factors of 48?
2, 3
List the prime factors of 11445.
3, 5, 7, 109
List the prime factors of 12947.
11, 107
List the prime factors of 589.
19, 31
List the prime factors of 19.
19
List the prime factors of 49455.
3, 5, 7, 157
List the prime factors of 761.
761
List the prime factors of 1015.
5, 7, 29
List the prime factors of 19996.
2, 4999
List the prime factors of 4402.
2, 31, 71
What are the prime factors of 1306?
2, 653
What are the prime factors of 11477?
23, 499
What are the prime factors of 50619?
3, 47, 359
List the prime factors of 2732.
2, 683
What are the prime factors of 1244?
2, 311
List the prime factors of 25290.
2, 3, 5, 281
What are the prime factors of 761?
761
List the prime factors of 5482.
2, 2741
What are the prime factors of 3195?
3, 5, 71
What are the prime factors of 4761?
3, 23
List the prime factors of 3260.
2, 5, 163
What are the prime factors of 28331?
41, 691
List the prime factors of 8625.
3, 5, 23
List the prime factors of 1525.
5, 61
List the prime factors of 23237.
19, 1223
What are the prime factors of 790?
2, 5, 79
List the prime factors of 598.
2, 13, 23
What are the prime factors of 321?
3, 107
List the prime factors of 43.
43
What are the prime factors of 5004?
2, 3, 139
List the prime factors of 1941.
3, 647
List the prime factors of 17643.
3, 5881
List the prime factors of 1613.
1613
List the prime factors of 783.
3, 29
What are the prime factors of 99244?
2, 43, 577
What are the prime factors of 25313?
17, 1489
List the prime factors of 9127.
9127
What are the prime factors of 116383?
181, 643
What are the prime factors of 2456?
2, 307
What are the prime factors of 71425?
5, 2857
List the prime factors of 80673.
3, 26891
List the prime factors of 14893.
53, 281
List the prime factors of 39587.
31, 1277
List the prime factors of 50529.
3, 16843
List the prime factors of 2791.
2791
List the prime factors of 5715.
3, 5, 127
List the prime factors of 4614.
2, 3, 769
What are the prime factors of 12930?
2, 3, 5, 431
List the prime factors of 90837.
3, 10093
List the prime factors of 13652.
2, 3413
What are the prime factors of 1237?
1237
What are the prime factors of 54?
2, 3
What are the prime factors of 549?
3, 61
What are the prime factors of 6035?
5, 17, 71
List the prime factors of 18533.
43, 431
List the prime factors of 5009.
5009
List the prime factors of 1509.
3, 503
List the prime factors of 127.
127
What are the prime factors of 1422?
2, 3, 79
List the prime factors of 1154.
2, 577
List the prime factors of 457.
457
List the prime factors of 3773.
7, 11
List the prime factors of 838.
2, 419
What are the prime factors of 40531?
40531
List the prime factors of 10497.
3, 3499
List the prime factors of 2556.
2, 3, 71
What are the prime factors of 3079?
3079
List the prime factors of 3199.
7, 457
What are the prime factors of 669?
3, 223
What are the prime factors of 25167?
3, 8389
List the prime factors of 2028.
2, 3, 13
List the prime factors of 8317.
8317
List the prime factors of 36494.
2, 71, 257
What are the prime factors of 27662?
2, 13831
What are the prime factors of 669?
3, 223
What are the prime factors of 861?
3, 7, 41
What are the prime factors of 16492?
2, 7, 19, 31
What are the prime factors of 621?
3, 23
List the prime factors of 22513.
47, 479
List